se 5*m = 5*j - 195, 2*j - 3*m - 2*m = 93. Let i(f) = f**3 + 14*f**2 + 5*f + 285. Let q be i(-15). Let a = q + j. What is the units digit of a?
9
Let k(r) = -11*r**3 + 2*r**2 - 9*r + 15. What is the units digit of k(-6)?
7
Let r = 633 - 626. Suppose r*s - 31548 = -15*s. What is the thousands digit of s?
1
Let h(i) = 4*i**2 + 4*i - 1. Let y be h(6). Let r = y + 27. What is the hundreds digit of r?
1
Let j(f) = 4*f**2 + 31*f - 9. Let v(k) = 3*k**2 + 21*k - 6. Let w(o) = -5*j(o) + 7*v(o). Let g be w(14). Let x = 35 + g. What is the hundreds digit of x?
1
Let m = 21 - 17. Suppose 5*l + 7*w - 1830 = m*w, 1472 = 4*l + 4*w. What is the units digit of l?
3
Let m = 3738 - 6418. Let u = -1828 - m. What is the tens digit of u?
5
Suppose -2*p = -5*c + 1676, -2*c - 9*p = -6*p - 659. Suppose -3*m - 264 = -3*u, -4*u - 6*m + m + c = 0. What is the tens digit of u?
8
Suppose -2059*b - 112424 = -2067*b. What is the thousands digit of b?
4
Let g(j) = 179*j**2 - 6*j - 5. Let n be g(-1). Let k = 673 - n. What is the tens digit of k?
9
Suppose 11*r = 9*r - 4260. Let c = -744 - r. Suppose 2*i + 12*i - c = 0. What is the units digit of i?
9
Let y(o) = 2*o**2 + 5*o + 5. Suppose -h + 0 = 2. Let p be y(h). Suppose 30 = p*m - 198. What is the units digit of m?
6
Suppose -7*u + 1148 = -994. Suppose -u - 309 = -3*r. What is the units digit of r?
5
Suppose -5*k - 3*z = -3, 10*k - 23 = 5*k + 2*z. Let i be (9/(-9))/(k/(-15)). Suppose -2*m + 3*n = -m - 39, -i*m + 5*n + 175 = 0. What is the tens digit of m?
3
Suppose -86 + 88 = -l. Let d(h) = -75*h - 8. What is the hundreds digit of d(l)?
1
Suppose 3*v - 2*y - 14 = -v, y = -v - 1. Suppose -2*p + 0*z + v*z = -418, 2*z = 3*p - 631. What is the units digit of p?
3
What is the thousands digit of (3 - 119/49) + 902700/35?
5
Let f = -5592 - -21858. What is the units digit of f?
6
Suppose 2*b - w = 64, 3*w + 40 = 2*b - 20. Let d = -9417 - -1145. What is the tens digit of 1/3 - d/b?
5
Suppose g + m = 37, -4*g = -g - 2*m - 96. What is the hundreds digit of (-112)/32*g*-11?
3
Let u(x) = -x**3 - 25*x**2 - 21*x + 76. Let j be u(-24). What is the units digit of (-3)/j*2*(-72318)/153?
9
Let v = 11663 - 6033. Suppose 1228 + v = 6*p. What is the thousands digit of p?
1
Suppose 171 = 5*w - 6*w + 4*a, 5*w + 855 = -3*a. Let s = w + 558. What is the hundreds digit of s?
3
Suppose -5*t + 8 - 38 = 0. Let d = -2 - t. Suppose -y - 7 = -2*r - d, -3*y + 3 = -2*r. What is the units digit of r?
3
What is the thousands digit of (-6)/(-14) + (-4925448)/(-924)?
5
Let m(n) = n**3 + 9*n**2 - 20*n + 1390. What is the ten thousands digit of m(29)?
3
Suppose 5814 = 14*h - 5*h. Let z = -351 + h. Let l = -206 + z. What is the units digit of l?
9
Let f be 315/49 + -6 - (-180)/21. Suppose 0 = f*y - 833 - 12415. What is the thousands digit of y?
1
What is the hundreds digit of 11973/9 - 164/123?
3
Let m = 86 - 75. Suppose -2*j = -3*l - 3 - m, 4*l + 15 = -j. What is the tens digit of (0 + -1)*74*j/(-2)?
3
Let y = -51 - -131. Suppose -y*t = -89*t + 4356. What is the units digit of t?
4
Let t = 443 - 440. What is the tens digit of (-153)/17*(3 + (-35)/t)?
7
Suppose 9*s - 4*s - 40 = -4*g, 25 = -5*g. Suppose 1317 = s*p - 423. Let k = p + 48. What is the hundreds digit of k?
1
Let p = 284 - 288. Let c(m) = -2*m**3 + 7*m**2 + 15*m + 9. What is the hundreds digit of c(p)?
1
Let r = 156 + -13. Suppose 3*p - r - 229 = 0. Suppose -p = -19*k + 15*k. What is the tens digit of k?
3
Let h be (21/14)/((-3)/88). What is the tens digit of 5 + 42690/66 + (-8)/h?
5
Let c(d) = 354*d + 2454. What is the ten thousands digit of c(62)?
2
Let x(h) = 19*h**2 - 156*h + 55. What is the ten thousands digit of x(28)?
1
Let b be (-3)/(-2) + (-4)/8. Let z(w) = 8*w - 48. Let g be z(4). What is the tens digit of (20/g)/(b/(-188))?
3
Let u = -130336 - -187623. What is the thousands digit of u?
7
Suppose -229530 = -18*d + 215322. What is the ten thousands digit of d?
2
Let v(y) = y**3 + 102*y**2 - 70*y - 53. What is the units digit of v(-101)?
8
Suppose 3*q - 4 = -0*q + k, -22 = q - 5*k. Suppose 28 = q*m + 4*a, 5 - 3 = -a. Suppose 3*f - m = 0, -5*s + 167 = 2*f - 171. What is the tens digit of s?
6
What is the units digit of (-20)/(-48)*12 + (1230 - 0)?
5
Suppose 4*f - 838 = -2*a, -3*f - 2*a + 641 = 2*a. Let t = -145 + f. Suppose 0 = 4*q - 230 - t. What is the units digit of q?
3
Let i = -6541 + 1891. What is the tens digit of (-124)/(-806) - i/26?
7
Suppose -2*b + 3323 = -883. Let q = b - 960. What is the thousands digit of q?
1
Suppose 43095 = -17*g + 308125. What is the hundreds digit of g?
5
Suppose 3*w - t = 138644, 2*t = -5*w + 58207 + 172859. What is the tens digit of w?
1
Suppose -125*l = -120*l + 4*z - 220030, -2*z = -l + 44020. What is the ten thousands digit of l?
4
Suppose 519*k - 11620 = 517*k. What is the units digit of k/6 - (4 - (-16)/(-6))?
7
Let n(b) = b**3 + 8*b**2 - 8*b + 12. Suppose -57 + 3 = 6*f. Let v be n(f). Suppose -5*x + 208 = 5*j + 8, -2*j - v*x + 83 = 0. What is the tens digit of j?
3
Let u be (-1)/(-2) - 413/(-118). Suppose x - 448 = u*l - 6*l, -4*x + 1816 = -4*l. What is the tens digit of x?
5
Suppose -5*c + 9*r + 83135 = 4*r, -3*c - 2*r + 49851 = 0. What is the tens digit of c?
2
Let f = 9 - 9. Suppose f = -2*j + 272 + 786. What is the hundreds digit of j?
5
Suppose j + 13 = 16. Suppose j*y - 6 = 0, 3*y + 2731 - 8082 = -5*o. What is the units digit of o?
9
Suppose -14*c - 13*c = -185755 - 435947. What is the ten thousands digit of c?
2
Suppose 254999 - 50459 = 6*l. What is the ten thousands digit of l?
3
Let d(b) = 3467*b**2 - 92*b + 188. What is the units digit of d(2)?
2
What is the ten thousands digit of (11 + 13231)*(10/4 - 21/18)?
1
Let x = -100 + 96. Let w(p) = -12*p**3 - 6*p**2 - 5*p - 11. What is the tens digit of w(x)?
8
Suppose 98*k - 66*k - 85600 = 0. What is the thousands digit of k?
2
Suppose 7*d + 6 = 5*d. What is the hundreds digit of 4 - (d/9 + 1733/(-3))?
5
Suppose 5*d - 9*d = 976. Suppose 2*r = -4*i - 310, r = 4*r - i + 479. Let j = r - d. What is the units digit of j?
5
Suppose 9*u = 7*u + 20. Suppose -11*i + 16*i = u. Suppose -16 = -2*o + i*n, 0*n + 31 = 2*o - 5*n. What is the units digit of o?
3
Let h(z) = -5*z**2 + 37*z - 16. Let f be h(7). Let l(d) = -13*d**3 + 4*d**2 + 3*d + 6. What is the units digit of l(f)?
0
Let o be 2/(-2)*1*(3 - 3). Suppose -4*x + 381 - 1681 = o. Let r = x + 500. What is the units digit of r?
5
Let v = 1162 + 358. Suppose -2*z = -4*z + v. Suppose -8*o - z = -16*o. What is the units digit of o?
5
Let t be 10/(-6)*(-4 - 98/(-35)). Suppose -3*m - t*b + 555 = 0, -13 = 5*b + 2. What is the hundreds digit of m?
1
Suppose 3*u + 3*l = 16665, 0*u = u + 2*l - 5550. Suppose u = -4*n + 24*n. What is the hundreds digit of n?
2
Suppose 0 = 2*k + 4*r - 102, 3*k - k = 4*r + 134. Let x = k + -57. Suppose x*b = 3*i - b - 132, 2 = 2*b. What is the units digit of i?
5
Suppose -1529120 = -317*m + 127*m. What is the tens digit of m?
4
Suppose -4*h = 3*s - h - 6, -2*s - h = 0. Let f(p) be the first derivative of -11*p**4/2 + p**2 + 6*p - 26. What is the units digit of f(s)?
8
Let d = -354 - 1284. Let r = 2966 + d. What is the thousands digit of r?
1
What is the hundreds digit of 8 + (-5)/(45/(-40752))?
5
Let a = 250 + -323. What is the hundreds digit of (a/3)/((-17)/459)?
6
Let w = -435 + 436. What is the thousands digit of 1427 + 2 - w*(4 + 1)?
1
Let y be (3 + (-82)/14)/((-1)/7). Suppose -35 = -5*z + 5*k, 2*z + 0*k = 5*k + y. Suppose 196 = s - z*q, -4*q - 398 = -5*s + 582. What is the tens digit of s?
9
Let u = -6 - -9. Suppose -6 = 4*t + 6, u*t = 5*v - 9. Suppose 5*y - 234 - 131 = v. What is the units digit of y?
3
Suppose -16*j = 5*j - 12369. Let y = j - 405. What is the tens digit of y?
8
Let n = 14 + -19. Let h(z) = z**3 + 6*z**2 - 2*z - 11. Let o be h(n). Suppose o*y = 21*y + 57. What is the units digit of y?
9
Let r = -68 + -26. What is the hundreds digit of (0 - r/(-4))*(-11 - -5)?
1
Suppose 5*b + 2*k - 30 - 22 = 0, 5*k = b - 5. Let u be 6/b - (-506)/(-110). What is the tens digit of ((-43)/2)/(u/16)?
8
Let m(r) = 939*r**2 + 517*r + 18. What is the thousands digit of m(-5)?
0
Let i = 72800 + -17558. What is the units digit of i?
2
Suppose 7690 = 57*s - 860. Let b = -29 + 457. Let p = b - s. What is the tens digit of p?
7
Let y(k) = 18 + 2